2, 3
Let c(i) = -i**2 - 8*i - 1. Let w be c(-4). Suppose w = q - 0*q. What are the prime factors of q?
3, 5
Let h be 1 + 1 - (-10 - 1). Let z = h - 2. Let i = z + -6. List the prime factors of i.
5
Suppose -100 = -3*b + 59. What are the prime factors of b?
53
Suppose 0*n - 660 = -6*n. List the prime factors of n.
2, 5, 11
Suppose -5*a + 264 = 4*s, 3*a + 3*s - 45 = 114. Suppose 0*t - 4*t + a = 0. List the prime factors of t.
13
Let u(o) = o**2 + 12*o + 25. Suppose 36 = 2*p - 5*p + 4*z, -3*z = -5*p - 60. List the prime factors of u(p).
5
Let y be (-2)/(-5)*(1 - -14). Let j be 5 - 3*2/y. List the prime factors of 34/j + 2/(-4).
2
Suppose -4*i - 3 = 1. Let q(z) = z + 1. Let c be q(i). List the prime factors of (c + 1)*(1 - -8).
3
What are the prime factors of 48/(-90)*-3*70?
2, 7
Let o = 50 - -8. What are the prime factors of o?
2, 29
Let j = -58 + 5. Let s be (-1)/(j/26 - -2). Suppose -4*v = -3*b + 27, -4*b + v = -v - s. What are the prime factors of b?
5
Suppose 12 - 1 = 3*g - r, 2*g = -2*r + 2. What are the prime factors of g?
3
Suppose -44 + 324 = 2*s. List the prime factors of s.
2, 5, 7
Suppose -4*k - 148 = -0*k. Let s = 62 + k. List the prime factors of s.
5
Suppose 0 = -5*j + 2*j + 72. What are the prime factors of j?
2, 3
Let u(p) = 7*p**3 + 3*p**2 - 1. What are the prime factors of u(2)?
67
Suppose 2*l - 25 = 15. Let k be (-3 + 2)/(1/l). Let x = k - -32. List the prime factors of x.
2, 3
Suppose 2*c = -5*l + 71 + 102, 0 = 4*l - 3*c - 120. List the prime factors of l.
3, 11
Let k(i) = -2*i + 1. Let h be k(-2). Suppose 4*b = 2*b - 4*f + 44, -5*b = -h*f - 95. List the prime factors of b.
2, 5
Suppose -5*c + 15 + 35 = 0. Let u = 47 - c. List the prime factors of u.
37
Let w(s) = 7*s**3 - s**2 + 2*s - 1. Let p be w(1). Suppose 89 = 3*n - p. List the prime factors of n.
2
Suppose -2*i = -6, 197 = 2*m - i + 10. List the prime factors of m.
5, 19
Let w = -24 + 60. What are the prime factors of w?
2, 3
Suppose 5*f = 19 + 31. Let i be (8/f)/((-2)/150). What are the prime factors of (i/(-21))/(8/28)?
2, 5
Let q be 35 + -1 + -2 - -2. Suppose 106 = 3*j + q. List the prime factors of j.
2, 3
Let m(f) = f + 9. Let s be m(-5). Suppose 0*z - 48 = -s*z. What are the prime factors of z?
2, 3
Let h be 5/((6/3)/(-4)). What are the prime factors of 4/h*(-7 + -3)?
2
Suppose -2*q - 2*r + 8 = 0, -5*q - 7 = -3*r + 5. Let i be q - (0/1 - 2). Suppose -4*o - o = -5, i*o = 4*n - 22. What are the prime factors of n?
2, 3
Suppose -1 = -5*f - b, -4*f - 4*b = -0*b - 4. Suppose 3*t + 5*y - 5 = -f*t, -5*y = -3*t + 25. List the prime factors of t.
5
Let q(v) = v**2 + 2*v - 7. List the prime factors of q(-6).
17
Suppose -13*a - 2058 = -20*a. List the prime factors of a.
2, 3, 7
Let x(o) = 7 - 4 - 3*o - 5*o + o**2. What are the prime factors of x(8)?
3
Let a be ((0/(-1))/(-3))/(-1). List the prime factors of 2 - ((a - 1) + 1).
2
List the prime factors of 4*3/72 + (-609)/(-18).
2, 17
Let u(v) = -v**3 - v**2 + 5*v + 2. Let y be u(-4). Suppose 0*n - y = -2*n. List the prime factors of n.
3, 5
Let p(r) = 12*r**2 - 11*r + 27. What are the prime factors of p(3)?
2, 3, 17
Let w = 322 - 174. List the prime factors of w.
2, 37
List the prime factors of 2709/42 + (0 - (-1)/2).
5, 13
Let j be 112/18 - 10/45. Let y = 11 + -8. Suppose 14 = 3*c + m, y*c - 7 - j = -2*m. What are the prime factors of c?
5
Let h = -25 + 10. Let u = h + 29. List the prime factors of u.
2, 7
Let s(o) = 5*o**3 - 12*o**2 - 6*o - 13. Let l(j) = -11*j**3 + 25*j**2 + 12*j + 27. Let i(h) = -6*l(h) - 13*s(h). What are the prime factors of i(-5)?
2
Let s(m) = -m**2 + 7*m. Let v be s(6). Let f = v + -3. List the prime factors of f.
3
Let o be ((-2)/28)/((-5)/20)*14. Let g(h) = -h**3 + 4*h**2 + h + 2. Let v be g(4). Suppose 2*s = o + v. List the prime factors of s.
5
Suppose -2*f = -f - 17. Suppose f = 2*u - 15. What are the prime factors of u?
2
Let i(q) = 5*q**2 - 2*q + 1. Let u be i(2). Suppose 4*r - 96 = -3*f, 83 = 4*r + 2*f - u. What are the prime factors of r?
3
Let z(p) = 3*p**2 + 23*p - 13. Let t(o) = -2*o**2 - 15*o + 9. Let k(b) = -8*t(b) - 5*z(b). Let f be k(-6). Let x = f - -4. List the prime factors of x.
3
Let d(z) = -3*z + 4. Let b(x) = -6*x + 9. Let q(c) = -3*b(c) + 5*d(c). List the prime factors of q(6).
11
Let b be (4/(-6))/(1/(-3)). Let l(p) = 24*p - 5. List the prime factors of l(b).
43
Let o(n) be the second derivative of n**3/6 + 3*n**2 - n. Let q be o(-4). List the prime factors of (q/5)/((-2)/(-60)).
2, 3
Suppose 4 = p - 2*d, -2*d + 5 + 1 = 4*p. What are the prime factors of p?
2
Suppose 4*h - 8*h + 199 = -5*s, h + 155 = -4*s. Let u be 2/(-1) - (s + -2). Let k = u - 25. List the prime factors of k.
2, 7
Let t(h) be the second derivative of -h**4/12 - 4*h**3/3 - 3*h**2/2 - h. List the prime factors of t(-7).
2
List the prime factors of 25 - (4 - (0 + 2)).
23
Let b be (-1)/(-2) + (-45)/(-10). Suppose 0 = j - b*j + 12. Let q = 2 + j. What are the prime factors of q?
5
Suppose -6*v + 1170 = 3*v. List the prime factors of v.
2, 5, 13
Let d(c) = -c**3 - 6*c**2 - 8*c - 5. Let b be 0/(-4 + 3) - 6. Let u be d(b). Suppose 2*z - 21 = 5*y, -4*y - u = -5*z - y. What are the prime factors of z?
2
Let y(z) = -z + 7. Let t be y(8). What are the prime factors of t/(-4) + 201/12?
17
Let n = -9 - -34. What are the prime factors of n?
5
Let f(x) = 2*x + 23. Let b be f(0). Let j = b - 12. List the prime factors of j.
11
Let b(n) = -n**2 + 7*n - 2. Let t be b(6). Let c = t - 2. What are the prime factors of (-52)/(-5) - c/5?
2, 5
Suppose -s = -2*t - 225, s + 7 - 232 = -5*t. What are the prime factors of s?
3, 5
Let d(j) = 0*j + 3*j + 1 - 3 - 4. Let m be d(4). Suppose -m = -y + 3. List the prime factors of y.
3
List the prime factors of 2 - 1 - -6*(-25)/(-10).
2
Let s = -3 + 6. Let f = s + -1. List the prime factors of f.
2
List the prime factors of 4*(4 - 82/(-8)).
3, 19
Suppose -p + 8 - 5 = 0. List the prime factors of p.
3
Let c(p) = 0*p**3 - 6*p + p**3 + 3 - 13 - p**2 - 8*p**2. List the prime factors of c(10).
2, 3, 5
Let a = 44 + -13. List the prime factors of a.
31
List the prime factors of 10/(3 + (-22)/8).
2, 5
Suppose 0 = 2*m - 0*z + 2*z + 36, 3*z = 5*m + 114. Let a = -5 - m. List the prime factors of a.
2
Let q(f) = f**2 - 12*f - 35. What are the prime factors of q(15)?
2, 5
Suppose -3*s = -8*s + 30. Let u = s + -2. Suppose 22 = 5*h - u*d, -3*d - 2 = -2*h + 2*d. What are the prime factors of h?
2, 3
Suppose u + 10 = 4*i, -3*u - 3 = 3. Let s = 3 - -4. Suppose s*j - 25 = i*j. List the prime factors of j.
5
Let v(q) = -q**2 - 1. Let m be v(0). Let s be m - -2 - 1 - -4. Suppose -23 = -s*j - 4*t + 1, -3*t - 10 = -j. What are the prime factors of j?
7
Suppose 18 = -2*g + 68. Let k = -17 + 6. Let v = g + k. What are the prime factors of v?
2, 7
Let p = 5 + -1. Suppose 47 - 163 = -p*i. What are the prime factors of i?
29
Suppose 3*m + 2*m - 1250 = -5*i, -1222 = -5*i + 2*m. List the prime factors of i.
2, 3, 41
Suppose -4*z + 5*y = 17, -2*y + 5*y - 9 = 3*z. Suppose 4*c - 22 = z*c. List the prime factors of c.
11
Let p be 1 + 1 + 0 + 3. Suppose 4*y - p*s - 56 = 0, -2*s - 27 = -y - 4*s. What are the prime factors of y?
19
Let i(s) = -s**2 - s. Let m be i(1). Let w be 2/(-6) + m/(-6). Suppose -4*l - 24 + 80 = w. What are the prime factors of l?
2, 7
Let m(w) = w**3 - 12*w**2 - 4*w - 16. List the prime factors of m(13).
101
Suppose -f - 24 = -5*f. Suppose 5*v = -q - 13, f*v - 2*v = -q - 10. List the prime factors of q.
2
Let s = 5 - 3. Let z(x) = 3 - 5*x + 3*x**2 + 3*x**s + x**2 - 6*x**2. List the prime factors of z(6).
3
Suppose 3*d - 2*n = 6*d - 395, 0 = 4*d - 4*n - 500. List the prime factors of d.
3, 43
Let x be (-1 - -3) + (-6 - -10). List the prime factors of 92/2 + x/(-3).
2, 11
Suppose 0*n + 180 = 5*p + 5*n, -5*p - 4*n + 179 = 0. Suppose 0*m = -5*m + p. What are the prime factors of m?
7
Let y(a) = 4*a**3 - 2*a**2 - a. Let f(j) = -j**2 - j + 1. Let w be f(-2). Let d be y(w). What are the prime factors of 50/(-4)*4/d?
2, 5
Let s(r) = r**2 - 4*r - 9. Let a be 2/(-3) + (-152)/(-12). Let z be (-2)/4 - (-90)/a. List the prime factors of s(z).
2, 3
Suppose 0 = m + 3*m - 4. Let x = m + 1. Suppose -4 + x = -b. What are the prime factors of b?
2
Suppose -5*k - 3*r = -260, k - r - 52 = r. What are the prime factors of k?